e units digit of p?
1
Suppose -3*r = -6*r. Suppose -3*t + 7 - 49 = r. Let x = t - -35. What is the units digit of x?
1
Let d = 6150 - 2605. What is the hundreds digit of d?
5
Let c = 1 + 24. Suppose 5*i + 5*s = 125, 2*i - 5*s = -4 + 26. Suppose -c = -2*a + i. What is the tens digit of a?
2
Suppose -5*f = -20, j + 5*f = -3*j - 36. Let z be (1 - (-6)/j)*7. Suppose z*k - 185 = -3*m, -k - 3*m + 0 + 53 = 0. What is the units digit of k?
4
Let a be (0*(-3)/30*-5)/1. Suppose -q + 671 = 2*h, q = -4*h + 4*q + 1337. Suppose 5*f + 0*f - h = a. What is the tens digit of f?
6
Suppose 0*j - 3*j = 3*g - 6, -5 = -j. Let x(m) = m**2 + 5*m + 3. Let d be x(g). What is the tens digit of (-1 - (d + 3))*-34?
3
Let g(j) = -j**3 + 36*j**2 + 10*j - 9. What is the tens digit of g(36)?
5
Let x = -2210 + 2694. What is the units digit of x?
4
What is the units digit of 24059/4 - -5*(-7)/(-140)?
5
Suppose 3*v + 2*z = 127, -20 = -v - 4*z + 19. Let x = 4 + v. What is the tens digit of x?
4
Let h(b) = 3*b + 3. Let m be h(-1). Suppose -2*k + 131 = -2*r - 9, m = 5*k + 4*r - 314. What is the units digit of k?
6
Suppose 106538 = 46*q + 25716. What is the hundreds digit of q?
7
Let d be (-23)/(-3) + (-2)/3. What is the hundreds digit of ((-60)/d)/((-11)/154)?
1
Let k = 144 + -61. Let d be 5/3 + 4/12. Suppose 5*l + 3*f - k = 0, 4*l + d*f - 37 = 31. What is the units digit of l?
9
Let k(l) be the third derivative of l**5/6 - l**4/24 + l**3/2 + 9*l**2. What is the units digit of k(-2)?
5
Let m(g) = 10*g**3 + 7*g**2 + 17*g + 8. Let j(a) = -5*a**3 - 4*a**2 - 9*a - 4. Let d(z) = -11*j(z) - 6*m(z). What is the units digit of d(-2)?
0
Let k(b) = b + 23. Let m be k(-7). What is the units digit of (-6)/m + 1211/8?
1
Let i = -1060 + 1835. What is the tens digit of i?
7
Suppose -1444 = -5*j - 4*d + 2475, 3*d + 2373 = 3*j. What is the tens digit of j?
8
Suppose 0 = -3*s + 5*x + 325, -3*s + 4*s = 3*x + 107. Suppose h - 31 = 5*d + s, d + 5 = 0. What is the units digit of h?
6
Let g(w) = 5 + 5 - 7*w - 6 + w**2 - 2. Let q be g(3). What is the tens digit of q/(-10) - -1*19?
2
Suppose 4*y = -c - 3*c + 16, 6 = 5*c - 2*y. Suppose b - c*b = -4, b + 92 = 2*i. What is the tens digit of i?
4
Let i = 2 - -10. Suppose -17 = -5*h + 5*d - 2, 2*h - i = 4*d. Suppose 0*f + f - 20 = h. What is the tens digit of f?
2
Suppose 0 + 3 = -3*a. Let n be 3/(4 + a) + 2. Let f(o) = 3*o**2 + 2. What is the tens digit of f(n)?
2
Suppose 78 = 2*u - 4*u + 4*z, 5*z - 39 = u. Let c = -32 - u. Let d = 37 - c. What is the units digit of d?
0
Let j(f) = -3*f**3 - 11*f**2 - 6*f + 4. What is the tens digit of j(-11)?
3
Suppose 3*d + 14 = 2*d. What is the tens digit of (42/49)/((-1)/d)?
1
Let x(n) = n - 1. Let u be x(-3). Let g be 9*(28/6 + u). What is the units digit of 7*g*(-4)/(-8)?
1
Suppose -x - w - 2 = -2*w, 4*x - 2*w = 2. Let p = 22 - 18. Suppose -p*i - t = -6, 0*i - x*i + 5*t = -16. What is the units digit of i?
2
Suppose 0 = 14614*u - 14617*u + 10020. What is the units digit of u?
0
Let g be -4*((-3)/(-4) + 0). What is the units digit of 2/g*1935/(-30)?
3
Suppose p = -8*p + 11979. What is the units digit of p?
1
Let u(j) = j**3 - 3*j**2 - 2*j + 1. Suppose 0 = -4*x + x + 15. Let g be u(x). Suppose 2*n + 11 = g. What is the units digit of n?
5
Let x = -331 - -468. What is the tens digit of x?
3
Suppose 32 - 12 = 2*m. Suppose 2*j = -m, -8*h - 2*j - 5 = -3*h. What is the units digit of h*(25 - 3 - -3)?
5
Let s = 1947 - 1379. What is the hundreds digit of s?
5
Let f(p) = 3*p + 23. Let q be f(-6). Suppose 0*c = 4*o - q*c - 400, 5*c = 0. What is the units digit of o?
0
Let n be 69/46 - 2/4. Suppose g + 4*i - n = -0, 2*g - 9 = -i. Suppose 358 = g*r + 53. What is the units digit of r?
1
Let z(k) be the second derivative of 58*k**3/3 + k**2 + 10*k. Let m be z(-1). Let d = -63 - m. What is the units digit of d?
1
Let j(c) = 16*c**2 - 5. What is the tens digit of j(-2)?
5
Suppose -3*z = -3 - 0. Let k be 1/(z - 20/22). Let r = 22 - k. What is the units digit of r?
1
Let q = -35 - -31. What is the hundreds digit of 6 + q - 1*-133?
1
Let a = 12 - 39. Let d be a + -5*2/(-5). What is the units digit of 1/5 + (-595)/d?
4
Suppose 0 = m + 5*c - 892, 0 = -113*c + 114*c - 4. What is the tens digit of m?
7
Let l = 4 - -1. Suppose -l*k = -38 - 42. Suppose -k = -h + 12. What is the units digit of h?
8
Let m = 252 + -65. Let l = -132 + m. What is the units digit of l?
5
Let m = 633 - 322. What is the tens digit of m?
1
Suppose -4*t = -0*b - 2*b + 806, b - 3*t = 408. What is the hundreds digit of b?
3
Let u = 304 - -66. What is the tens digit of u?
7
Let j = 204 + 171. Let h = j + -88. What is the units digit of h?
7
Let j(k) = 2*k**2 + 4*k + 3. Let b be j(-3). Let t(v) = 2*v**2 - 10*v + 16. What is the tens digit of t(b)?
8
Let y = -4254 - -7918. What is the units digit of y?
4
Let i(j) = 26*j**2 + 4*j - 18. What is the tens digit of i(4)?
1
Let x = 30 - -21. Let v = x + -36. What is the tens digit of v?
1
Let h = -2812 + 3980. What is the thousands digit of h?
1
Let w be 12/(-117)*-18 - (-4)/26. Suppose -5*r + 120 = -2*t - 0*t, -t = w*r - 57. What is the tens digit of r?
2
Let j(l) = -21*l. Let u be j(-1). Let w(q) = -q**3 + 15*q**2 - 13*q - 17. Let x be w(14). Let f = u + x. What is the tens digit of f?
1
Let h(z) = -14*z. Let l be h(-5). Suppose -o + 4*i - 4 = 2, 5*o = -5*i + l. Let c = o + 15. What is the tens digit of c?
2
What is the thousands digit of (-15690)/6*(-13)/13?
2
What is the hundreds digit of 7 - 13 - -1 - -402?
3
Let l(o) = o + 1. Let j be l(5). Suppose 2*u = 4*c + 14, -23 = -4*u + j*c - 3*c. Suppose -u*q + 39 = w, 0 = 4*w - 7*q + 2*q - 56. What is the units digit of w?
9
Let f = 65 - 39. Suppose 36 = d + r, 2*d + r - f = 42. What is the tens digit of d + (-2*3)/(-3)?
3
Let l(c) = 8 + 11*c - 5*c - 8*c. Suppose 5*g + 88 = -2*a - 1, -5*g + 4*a = 107. What is the units digit of l(g)?
6
Let y(w) = -15*w**3 + 2*w**2 + 3*w + 14. Let l be y(6). What is the units digit of l/(-70) + 8/(-10)?
4
Let s = -716 - -2420. What is the thousands digit of s?
1
Let z(f) = f + 4. Let m be z(-4). Suppose 3*u + 100 = 2*h, -3*h + m*h + 4*u + 150 = 0. Suppose a = -4*a + h. What is the units digit of a?
0
Let g(l) = l + 2*l + l - 22. Let c be ((-71)/284)/((2/(-104))/1). What is the units digit of g(c)?
0
Suppose 2*y + 5*j = 813, 5*y + 3*j = 6*j + 2110. What is the hundreds digit of y?
4
Let q = 112 + 4. What is the units digit of q?
6
Suppose 0 = -2*a - 2, -3*t + 4 = 2*a + 18. Let w be (-18)/15*70/t. Suppose 5*l - 3*c = -0*c + 99, c = l - w. What is the tens digit of l?
1
Let d = 17 - 14. Suppose d*i + 306 = 3*b, 4*i = 3*b - 36 - 272. Suppose 0*q = -5*q + b. What is the units digit of q?
0
Let z(t) = 2 - 3 + 2 - 19*t. Let l be z(1). What is the units digit of 3/l - (-86)/12?
7
Suppose 0 = 6*j - 3*j - 9. Suppose 0 = 5*c - j*a - 10, 5*a - 6 = -5*c + 4. Suppose i - c*i = -5. What is the units digit of i?
5
Let h be 2/4*0/3. Suppose 0 = -o - h*o + 2. Suppose 0 = o*f + f - 63. What is the tens digit of f?
2
What is the hundreds digit of ((-1384)/12)/((-2)/9)?
5
Let m(w) = 0*w**3 - 3*w**2 - 5*w**3 + 2*w**3 - 11 + 4*w**3 + 11*w. What is the tens digit of m(6)?
6
Let x(g) = -g + 10. Let w be x(10). Let s be (-3 + 2)*(55 + w). Let q = -35 - s. What is the tens digit of q?
2
Let j = -1901 - -4648. What is the thousands digit of j?
2
Let s(j) = j**3 - 17*j**2 + 3*j + 38. What is the units digit of s(19)?
7
Suppose 62*r - 38*r = 22632. What is the tens digit of r?
4
Let k be (0/(6 + -2))/2. Let p be k*3*(-4)/(-24). Suppose p = 10*t - 8*t - 50. What is the units digit of t?
5
Suppose u - 2*z = 793, 2*z - 6*z + 3124 = 4*u. What is the tens digit of u?
8
Suppose -5*i = -5, -u + 5625 = 3*i - 8*i. What is the hundreds digit of u?
6
Let q(r) be the third derivative of r**6/120 + 13*r**5/60 + r**3/3 - 5*r**2. Let u be q(-13). Suppose -u*d + 145 = 3*d. What is the units digit of d?
9
Let t be (-880)/(-50) + 2/5. Let u = t + -11. What is the units digit of u?
7
Suppose 6*g - 3*g - 6132 = 0. What is the tens digit of g?
4
Suppose 24 = -14*l + 10*l. What is the units digit of ((-4)/5)/(l/105)?
4
Let m(r) = -r**3 + 6*r**2 - 5*r. Let u be m(2). What is the units digit of (62/(-3))/((-1)/u)?
4
Suppose -7 = 2*c - 13, 5*p - 2*c = 19524. What is the hundreds digit of p?
9
Suppose 0